{"id":1099,"date":"2026-09-04T15:13:45","date_gmt":"2026-09-04T13:13:45","guid":{"rendered":"https:\/\/journeedesfatigues.fr\/?page_id=1099"},"modified":"2026-09-04T15:21:01","modified_gmt":"2026-09-04T13:21:01","slug":"diplome-universitaire-sur-la-fatigue-formation-continue-sur-la-fatigue","status":"publish","type":"page","link":"https:\/\/journeedesfatigues.fr\/index.php\/diplome-universitaire-sur-la-fatigue-formation-continue-sur-la-fatigue\/","title":{"rendered":"Dipl\u00f4me universitaire sur la fatigue &#8211; Formation continue sur la fatigue"},"content":{"rendered":"\n<p class=\"has-medium-font-size wp-block-paragraph\"><strong><br>2026-2027 : UNE NOUVELLE OFFRE DE FORMATION SUR LA FATIGUE<\/strong> en appui sur les travaux et le r\u00e9seau du groupe de travail national sur les fatigues, organisateur depuis 2021 de la biennale des fatigues<br><br><strong>NOUVEAU DIPL\u00d4ME UNIVERSITAIRE DEDIE AUX FATIGUES A DESTINATION DES PROFESSIONNELS<\/strong><\/p>\n\n\n\n<p class=\"has-medium-font-size wp-block-paragraph\">Les fatigues chroniques et invalidantes restent encore difficiles \u00e0 reconna\u00eetre, \u00e0 \u00e9valuer et \u00e0 prendre en charge. Pourtant, elles sont au c\u0153ur de nombreuses maladies chroniques, et ont un impact majeur sur la qualit\u00e9 de vie des personnes concern\u00e9es.<\/p>\n\n\n\n<p class=\"has-background has-medium-font-size wp-block-paragraph\" style=\"background-color:#e0c7b4\">Le Dipl\u00f4me universitaire \u00ab\u00a0<strong>Approche compr\u00e9hensive et partenariale des fatigues : Comprendre l&rsquo;exp\u00e9rience des fatigues pour agir ensemble<\/strong>\u00a0\u00bb propose une approche in\u00e9dite, fond\u00e9e sur le croisement des sciences humaines et sociales, des sciences bio-m\u00e9dicales et de l&rsquo;expertise des patients.<br>&#8211; Une formation unique, co-construite avec les personnes concern\u00e9es, qui r\u00e9unit professionnels de sant\u00e9, chercheurs, patients experts, proches-aidants et acteurs associatifs autour d&rsquo;un m\u00eame objectif : mieux comprendre les fatigues pour mieux agir et prendre en soin.<br>&#8211; Une formation en 100% distanciel afin d&rsquo;\u00eatre plus facilement accessible sur tout le territoire.<\/p>\n\n\n\n<p class=\"has-medium-font-size wp-block-paragraph\">Au programme :<br>\u2714 Une approche transdisciplinaire et partenariale.<br>\u2714 Des outils concrets pour am\u00e9liorer l&rsquo;\u00e9valuation, l&rsquo;\u00e9coute et l&rsquo;accompagnement.<br>\u2714 Une p\u00e9dagogie immersive : cas cliniques, ateliers d&rsquo;\u00e9criture inspir\u00e9s de la m\u00e9decine narrative, th\u00e9\u00e2tre-forum<br>\u2714 L&rsquo;acc\u00e8s \u00e0 un r\u00e9seau national d&rsquo;experts et d&rsquo;acteurs mobilis\u00e9s autour des fatigues.<\/p>\n\n\n\n<p class=\"has-medium-font-size wp-block-paragraph\">Les b\u00e9n\u00e9fices pour les participants :<br>&#8211; une meilleure compr\u00e9hension des diff\u00e9rentes formes de fatigue ;<br>&#8211; des outils concrets pour les \u00e9valuer et les accompagner ;<br>&#8211; une approche plus collaborative, centr\u00e9e sur les besoins des personnes ;<br>&#8211; l&rsquo;int\u00e9gration d&rsquo;un r\u00e9seau national d&rsquo;experts engag\u00e9s.<\/p>\n\n\n\n<p class=\"has-medium-font-size wp-block-paragraph\">Parce que mieux comprendre les fatigues et l&rsquo;\u00e9puisement, c&rsquo;est aussi mieux reconna\u00eetre celles et ceux qui les vivent\u2026 et transformer durablement les pratiques.<\/p>\n\n\n\n<p class=\"has-medium-font-size wp-block-paragraph\">Candidatures ouvertes du 19 ao\u00fbt au 12 novembre 2026<br><strong>Formation \u00e0 distance, du 11 f\u00e9vrier au 8 octobre 2027, les jeudis et vendredis de 16 h \u00e0 19 h.<\/strong><br>Infos &amp; Inscription : <a href=\"https:\/\/sfc.unistra.fr\/formations\/sante-transverse_-_approche-du-malade_-_diplome-duniversite-approche-comprehensive-et-partenariale-des-fatigues_-_6865\/\" rel=\"noreferrer noopener\" target=\"_blank\">https:\/\/sfc.unistra.fr\/formations\/sante-transverse_-_approche-du-malade_-_diplome-duniversite-approche-comprehensive-et-partenariale-des-fatigues_-_6865\/<\/a><\/p>\n\n\n\n<p class=\"has-small-font-size wp-block-paragraph\">Responsable scientifique : Isabelle Fornasieri, Ma\u00eetre de conf\u00e9rences, Facult\u00e9 de Psychologie, Universit\u00e9 de Strasbourg, contact&nbsp;<a href=\"mailto:isabelle.fornasieri@unistra.fr\" target=\"_blank\" rel=\"noreferrer noopener\">isabelle.fornasieri[arobase]unistra.fr<\/a><\/p>\n\n\n\n<p class=\"has-medium-font-size wp-block-paragraph\"><strong>ET UNE FORMATION COURTE ASSOCIEE<\/strong><\/p>\n\n\n\n<p class=\"has-background has-medium-font-size wp-block-paragraph\" style=\"background-color:#d1ae85\">La formation<strong> \u00ab\u00a0Comprendre l&rsquo;exp\u00e9rience des fatigues pour agir ensemble \u00ab\u00a0<\/strong>, construite en articulation avec le DU propose aux personnes concern\u00e9es et \u00e0 leurs proches-aidants un espace de r\u00e9flexion, de partage et de mont\u00e9e en comp\u00e9tences, afin notamment de renforcer leur pouvoir d\u2019agir dans leur parcours de vie et de soin, ou accompagner ce processus aupr\u00e8s d\u2019un proche concern\u00e9.<\/p>\n\n\n\n<p class=\"has-medium-font-size wp-block-paragraph\">Les b\u00e9n\u00e9fices pour les participants :<br>\u2714 Le d\u00e9veloppement de strat\u00e9gies concr\u00e8tes d\u2019adaptation, d\u2019autogestion et de communication autour des fatigues invalidantes&nbsp;<\/p>\n\n\n\n<p class=\"has-medium-font-size wp-block-paragraph\">\u2714 L\u2019int\u00e9gration dans un r\u00e9seau national de ressources, d\u2019acteurs et d\u2019initiatives engag\u00e9s dans la reconnaissance et la prise en soin des fatigues.<\/p>\n\n\n\n<p class=\"has-medium-font-size wp-block-paragraph\">Candidatures ouvertes du 19 ao\u00fbt au 12 novembre 2026<br><strong>Formation \u00e0 distance, du 11 mars au 8 octobre 2027, les jeudis et vendredis de 16 h \u00e0 19 h.<\/strong><br>Infos &amp; Inscription : <a href=\"https:\/\/sfc.unistra.fr\/formations\/sante-transverse_-_approche-du-malade_-_comprendre-lexperience-des-fatigues-pour-agir-ensemble_-_6870\/\" target=\"_blank\" rel=\"noreferrer noopener\">https:\/\/sfc.unistra.fr\/formations\/sante-transverse_-_approche-du-malade_-_comprendre-lexperience-des-fatigues-pour-agir-ensemble_-_6870\/<\/a><\/p>\n\n\n\n<p class=\"wp-block-paragraph\">Responsable scientifique : Isabelle Fornasieri, Ma\u00eetre de conf\u00e9rences, Facult\u00e9 de Psychologie, Universit\u00e9 de Strasbourg, contact&nbsp;<a href=\"mailto:isabelle.fornasieri@unistra.fr\" target=\"_blank\" rel=\"noreferrer noopener\">isabelle.fornasieri[arobase]unistra.fr<\/a><\/p>\n","protected":false},"excerpt":{"rendered":"<p>2026-2027 : UNE NOUVELLE OFFRE DE FORMATION SUR LA FATIGUE en appui sur les travaux et le r\u00e9seau du groupe de travail national sur les fatigues, organisateur depuis 2021 de la biennale des fatigues NOUVEAU DIPL\u00d4ME UNIVERSITAIRE DEDIE AUX FATIGUES A DESTINATION DES PROFESSIONNELS Les fatigues chroniques et invalidantes restent encore difficiles \u00e0 reconna\u00eetre, \u00e0 [&hellip;]<\/p>\n","protected":false},"author":1,"featured_media":0,"parent":0,"menu_order":0,"comment_status":"closed","ping_status":"closed","template":"","meta":{"footnotes":""},"class_list":["post-1099","page","type-page","status-publish","hentry"],"_links":{"self":[{"href":"https:\/\/journeedesfatigues.fr\/index.php\/wp-json\/wp\/v2\/pages\/1099","targetHints":{"allow":["GET"]}}],"collection":[{"href":"https:\/\/journeedesfatigues.fr\/index.php\/wp-json\/wp\/v2\/pages"}],"about":[{"href":"https:\/\/journeedesfatigues.fr\/index.php\/wp-json\/wp\/v2\/types\/page"}],"author":[{"embeddable":true,"href":"https:\/\/journeedesfatigues.fr\/index.php\/wp-json\/wp\/v2\/users\/1"}],"replies":[{"embeddable":true,"href":"https:\/\/journeedesfatigues.fr\/index.php\/wp-json\/wp\/v2\/comments?post=1099"}],"version-history":[{"count":2,"href":"https:\/\/journeedesfatigues.fr\/index.php\/wp-json\/wp\/v2\/pages\/1099\/revisions"}],"predecessor-version":[{"id":1104,"href":"https:\/\/journeedesfatigues.fr\/index.php\/wp-json\/wp\/v2\/pages\/1099\/revisions\/1104"}],"wp:attachment":[{"href":"https:\/\/journeedesfatigues.fr\/index.php\/wp-json\/wp\/v2\/media?parent=1099"}],"curies":[{"name":"wp","href":"https:\/\/api.w.org\/{rel}","templated":true}]}}

Diplôme universitaire sur la fatigue &#8211; Formation continue sur la fatigue

<p class="has-medium-font-size wp-block-paragraph"><strong><br>2026-2027 : UNE NOUVELLE OFFRE DE FORMATION SUR LA FATIGUE</strong> en appui sur les travaux et le réseau du groupe de travail national sur les fatigues, organisateur depuis 2021 de la biennale des fatigues<br><br><strong>NOUVEAU DIPLÔME UNIVERSITAIRE DEDIE AUX FATIGUES A DESTINATION DES PROFESSIONNELS</strong></p>



<p class="has-medium-font-size wp-block-paragraph">Les fatigues chroniques et invalidantes restent encore difficiles à reconnaître, à évaluer et à prendre en charge. Pourtant, elles sont au cœur de nombreuses maladies chroniques, et ont un impact majeur sur la qualité de vie des personnes concernées.</p>



<p class="has-background has-medium-font-size wp-block-paragraph" style="background-color:#e0c7b4">Le Diplôme universitaire « <strong>Approche compréhensive et partenariale des fatigues : Comprendre l&rsquo;expérience des fatigues pour agir ensemble</strong> » propose une approche inédite, fondée sur le croisement des sciences humaines et sociales, des sciences bio-médicales et de l&rsquo;expertise des patients.<br>&#8211; Une formation unique, co-construite avec les personnes concernées, qui réunit professionnels de santé, chercheurs, patients experts, proches-aidants et acteurs associatifs autour d&rsquo;un même objectif : mieux comprendre les fatigues pour mieux agir et prendre en soin.<br>&#8211; Une formation en 100% distanciel afin d&rsquo;être plus facilement accessible sur tout le territoire.</p>



<p class="has-medium-font-size wp-block-paragraph">Au programme :<br>✔ Une approche transdisciplinaire et partenariale.<br>✔ Des outils concrets pour améliorer l&rsquo;évaluation, l&rsquo;écoute et l&rsquo;accompagnement.<br>✔ Une pédagogie immersive : cas cliniques, ateliers d&rsquo;écriture inspirés de la médecine narrative, théâtre-forum<br>✔ L&rsquo;accès à un réseau national d&rsquo;experts et d&rsquo;acteurs mobilisés autour des fatigues.</p>



<p class="has-medium-font-size wp-block-paragraph">Les bénéfices pour les participants :<br>&#8211; une meilleure compréhension des différentes formes de fatigue ;<br>&#8211; des outils concrets pour les évaluer et les accompagner ;<br>&#8211; une approche plus collaborative, centrée sur les besoins des personnes ;<br>&#8211; l&rsquo;intégration d&rsquo;un réseau national d&rsquo;experts engagés.</p>



<p class="has-medium-font-size wp-block-paragraph">Parce que mieux comprendre les fatigues et l&rsquo;épuisement, c&rsquo;est aussi mieux reconnaître celles et ceux qui les vivent… et transformer durablement les pratiques.</p>



<p class="has-medium-font-size wp-block-paragraph">Candidatures ouvertes du 19 août au 12 novembre 2026<br><strong>Formation à distance, du 11 février au 8 octobre 2027, les jeudis et vendredis de 16 h à 19 h.</strong><br>Infos &amp; Inscription : <a href="https://sfc.unistra.fr/formations/sante-transverse_-_approche-du-malade_-_diplome-duniversite-approche-comprehensive-et-partenariale-des-fatigues_-_6865/" rel="noreferrer noopener" target="_blank">https://sfc.unistra.fr/formations/sante-transverse_-_approche-du-malade_-_diplome-duniversite-approche-comprehensive-et-partenariale-des-fatigues_-_6865/</a></p>



<p class="has-small-font-size wp-block-paragraph">Responsable scientifique : Isabelle Fornasieri, Maître de conférences, Faculté de Psychologie, Université de Strasbourg, contact&nbsp;<a href="mailto:isabelle.fornasieri@unistra.fr" target="_blank" rel="noreferrer noopener">isabelle.fornasieri[arobase]unistra.fr</a></p>



<p class="has-medium-font-size wp-block-paragraph"><strong>ET UNE FORMATION COURTE ASSOCIEE</strong></p>



<p class="has-background has-medium-font-size wp-block-paragraph" style="background-color:#d1ae85">La formation<strong> « Comprendre l&rsquo;expérience des fatigues pour agir ensemble « </strong>, construite en articulation avec le DU propose aux personnes concernées et à leurs proches-aidants un espace de réflexion, de partage et de montée en compétences, afin notamment de renforcer leur pouvoir d’agir dans leur parcours de vie et de soin, ou accompagner ce processus auprès d’un proche concerné.</p>



<p class="has-medium-font-size wp-block-paragraph">Les bénéfices pour les participants :<br>✔ Le développement de stratégies concrètes d’adaptation, d’autogestion et de communication autour des fatigues invalidantes&nbsp;</p>



<p class="has-medium-font-size wp-block-paragraph">✔ L’intégration dans un réseau national de ressources, d’acteurs et d’initiatives engagés dans la reconnaissance et la prise en soin des fatigues.</p>



<p class="has-medium-font-size wp-block-paragraph">Candidatures ouvertes du 19 août au 12 novembre 2026<br><strong>Formation à distance, du 11 mars au 8 octobre 2027, les jeudis et vendredis de 16 h à 19 h.</strong><br>Infos &amp; Inscription : <a href="https://sfc.unistra.fr/formations/sante-transverse_-_approche-du-malade_-_comprendre-lexperience-des-fatigues-pour-agir-ensemble_-_6870/" target="_blank" rel="noreferrer noopener">https://sfc.unistra.fr/formations/sante-transverse_-_approche-du-malade_-_comprendre-lexperience-des-fatigues-pour-agir-ensemble_-_6870/</a></p>



<p class="wp-block-paragraph">Responsable scientifique : Isabelle Fornasieri, Maître de conférences, Faculté de Psychologie, Université de Strasbourg, contact&nbsp;<a href="mailto:isabelle.fornasieri@unistra.fr" target="_blank" rel="noreferrer noopener">isabelle.fornasieri[arobase]unistra.fr</a></p>

<p>2026-2027 : UNE NOUVELLE OFFRE DE FORMATION SUR LA FATIGUE en appui sur les travaux et le réseau du groupe de travail national sur les fatigues, organisateur depuis 2021 de la biennale des fatigues NOUVEAU DIPLÔME UNIVERSITAIRE DEDIE AUX FATIGUES A DESTINATION DES PROFESSIONNELS Les fatigues chroniques et invalidantes restent encore difficiles à reconnaître, à [&hellip;]</p>
